?
3
What is the hundreds digit of ((-15)/(-9))/((-8)/205344*-6)?
1
Let m be 1*(84/(-2))/7. What is the units digit of 2*-82*-2*m/(-48)?
1
Let y(w) = 2*w**3 - w**2 + w - 1. Let s(k) = -2*k**3 + k**2 + 1. Let d(j) = -4*s(j) - 3*y(j). Let z be d(-2). What is the tens digit of (-2)/6 + (-290)/z?
1
Let x(r) = 9*r - 10. Let s be x(1). What is the units digit of ((-15)/6)/(s + 267/270)?
5
Suppose 2*t + 2310 = 5*x - 50301, -x - 5*t + 10506 = 0. What is the thousands digit of x?
0
Suppose -h + 9*n = 14*n - 38323, 4*h + 2*n - 153328 = 0. What is the units digit of h?
3
Let p(l) = 4*l**2 - 11*l + 21. Let j(o) = 3*o**2 + 9*o + 25. Let s be j(-3). Suppose -w = -6*w + s. What is the tens digit of p(w)?
6
Suppose -26*c + 208872 = -14*c. What is the ten thousands digit of c?
1
Suppose -h + 0*h + 96 = 3*l, h + 5*l - 100 = 0. Suppose 0 = -10*m + 2600 - h. What is the hundreds digit of m?
2
Let z(c) be the third derivative of c**5/60 - 7*c**4/24 - 25*c**3/6 - 883*c**2. Suppose x - 6 + 14 = 0. What is the units digit of z(x)?
5
Let t = -24 - -26. Suppose t*d = -d. Suppose d = 2*z - 3*a + 18 - 118, 2*z = 4*a + 102. What is the units digit of z?
7
Let w = 12108 - 3870. What is the thousands digit of w?
8
Let q(k) = 143*k - 9. Let d(y) = 214*y - 13. Let c(h) = -5*d(h) + 8*q(h). Let z be (-10)/(-6) - ((-28)/(-12))/(-7). What is the hundreds digit of c(z)?
1
Suppose -5*a + 5*z = -13740, 3*a - 5*z - 6681 = 1561. Suppose 0 = -8*u - 69 + a. What is the units digit of u?
5
Let p(o) = o**3 + 13*o**2 - 2*o + 19. Let j be p(-13). What is the tens digit of 27*(-3)/(j/(-40))?
7
Suppose -4*f + 68421 = 3*s, 3*f + 33141 = 2*s - 12456. What is the hundreds digit of s?
8
Suppose 0 = -4*q + 23226 - 9922. What is the thousands digit of q?
3
Suppose 5*x = 0, 5*i - 521 = -5*x - 1321. Let t = -35 - -279. Let v = t + i. What is the units digit of v?
4
Suppose 0 = -3*l + 3 + 3. Let f(r) = -40*r - 14. Let j(w) = -41*w - 15. Let o(c) = l*j(c) - 3*f(c). What is the hundreds digit of o(3)?
1
Suppose 45*t - 48*t + 2033 = 2*i, 0 = -4*t - 20. Suppose 6*m - i = 626. What is the hundreds digit of m?
2
Let n be (-24)/(-15)*(-5)/(-2). Let d be n/26 - 7164/(-78). What is the tens digit of (21/(-15) - -1) + d/5?
1
Let i(g) = g**3 + g + 97. Suppose 9*f = -1 + 1. What is the tens digit of i(f)?
9
Suppose -5*z + 147 + 5043 = -3*m, z - 2*m = 1031. Let y = z - 722. What is the tens digit of y?
1
What is the ten thousands digit of 4/(20/9) - 1977528/(-140)?
1
Suppose 1994706 = 25*t + 529006. What is the hundreds digit of t?
6
Let d = 60 + -34. Let g = 41 - d. Suppose 16*i - 22 = g*i. What is the tens digit of i?
2
Suppose -22*a - 9084 = -34*a. What is the units digit of a?
7
Let t(x) = -62*x**3 + 4. Suppose -v - 4 = 3*i, -4*i - 4*v - 6 = -3*v. What is the units digit of t(i)?
0
Let o(i) = -3*i**3 + 72*i**2 + 2*i + 92. Let w(x) = -x**3 + 24*x**2 + x + 31. Let z(h) = 6*o(h) - 17*w(h). What is the units digit of z(22)?
3
Let v(z) = 73*z - 259. Let m(j) = -219*j + 773. Let u(d) = 6*m(d) + 17*v(d). What is the units digit of u(-6)?
3
What is the thousands digit of 55/22*(5 + 116/(-20))*-17008?
4
Suppose 7*t - 3*t = z - 612, 4*z = 3*t + 2396. Suppose -6*s + 2144 - z = 0. What is the hundreds digit of s?
2
Let d(h) be the second derivative of h**5/10 + 2*h**3/3 - 3*h**2/2 - 511*h. Let c be 5 + 4/(-2) + 1. What is the tens digit of d(c)?
4
Let i = -63 - -94. Suppose 0 = 4*w + i - 47. Suppose 5*a + 5 = 0, w*o - 5*a - 399 = -2*a. What is the units digit of o?
9
Let q(w) be the first derivative of w**4/4 + 2*w**3/3 + 3*w**2 + 3*w + 4. Let n be q(-3). What is the tens digit of 7/(-4)*n/2?
2
Let x(f) be the second derivative of 4*f**3/3 + 26*f**2 - f + 4. What is the hundreds digit of x(10)?
1
Let d = 18820 - 7351. What is the ten thousands digit of d?
1
Suppose -57*r = -41*r - 28*r + 88368. What is the units digit of r?
4
Let r = -56 - -131. Suppose -2*m = -3*l + 150, 3*m - 3*l + r = 2*m. Let u = m + 162. What is the tens digit of u?
8
Let u be -2 + 0 - (-7)/1. Suppose -27 = u*f + 333. What is the tens digit of 386/4 + -6*6/f?
9
Suppose -829771 - 6885630 = -90*a - 664981. What is the hundreds digit of a?
3
Let r = 47665 - 24474. What is the thousands digit of r?
3
Let g = 186 - -462. Suppose -g*m = -640*m - 7184. What is the units digit of m?
8
Let m = 48936 - 20766. What is the units digit of (-4)/10 + m/50?
3
Let t = -7681 - -12011. What is the tens digit of t?
3
Let a = 64 + -80. Let k be 10*(-6)/a + 9/(-12). Let j(y) = y**3 - 3*y**2 + 2*y + 6. What is the units digit of j(k)?
2
Let i(o) = o**2 - 9*o - 31. Suppose -16 = -4*y, -f - 2*y - 12 = -5*f. Let d be 33/165 + (74/f - -1). What is the tens digit of i(d)?
8
Let c(v) = -5 - 3*v - 24*v**3 + 9*v**2 + 23*v**3 + 25. Let m be c(8). Suppose j = 5*a + 30, j - m = a - 2*a. What is the tens digit of j?
5
Let b be (-644)/(-6) - 3/9. Suppose 3*o - 49 = o - y, -4*o - 5*y = -b. Suppose 0 = -21*c + o*c - 142. What is the tens digit of c?
7
Suppose 4*m = -3*v + 14170, -4*v + 6*v - 9448 = -2*m. What is the hundreds digit of v?
7
Let g be 15*10/54 + 6/27. Suppose -5*y = -5*m + 386 + 664, -5*y - 636 = -g*m. What is the units digit of m?
7
Suppose 0 = -x + 194 - 190. Suppose -4*w - x*m + 5*m = -3649, -w - 3*m = -909. What is the units digit of w?
2
Suppose 8047 = 3*s - 2*v, -2*s - 4*v + 4056 = -1314. What is the thousands digit of s?
2
Let z(u) = 8 - 3*u**2 + 6*u**2 - 4*u - 6. Let h be z(1). What is the units digit of (-2)/h + 32 - -3?
3
Let j be 0 - (-8)/(-32)*3508. Let r = 1258 + j. What is the tens digit of r?
8
Let j(a) = -6123*a**3 - 2*a**2 - 19*a - 17. What is the hundreds digit of j(-1)?
1
Suppose 3*c + 981*v - 160406 = 986*v, v + 213886 = 4*c. What is the ten thousands digit of c?
5
Let g = 32896 + -14788. What is the units digit of g/21 + (-26)/91?
2
Suppose -358848 - 213442 = -23*n - 55848. What is the units digit of n?
4
Suppose -2*m = 20 - 512. Let b = -79 + m. Suppose 4*n - 598 = -2*p, -5*n - b = -p - 897. What is the hundreds digit of n?
1
Suppose -q + 4*w = -2983, 4*w = 2*q + 1330 - 7296. Suppose -2*h + q = 5*b, -5*b + 12*h - 15*h = -2987. What is the hundreds digit of b?
5
Let a(u) = -9*u - 4. Let c(k) = -3*k**2 + 4 + 14*k + 2*k + 2*k**2 - 7*k. Let l(s) = -4*a(s) - 5*c(s). What is the tens digit of l(5)?
7
Let x(l) = -6*l**2 - 2*l + 33. Let v(b) = b**2 - 1. Let r(a) = -5*v(a) - x(a). Let z be r(5). Let u(i) = 4*i**2 - 6*i + 15. What is the tens digit of u(z)?
6
Let z(u) = -u**3 + 17*u**2 + 3*u + 10. What is the tens digit of z(14)?
4
Suppose -5*g + 69924 = 3*h, 22*h = -5*g + 18*h + 69917. What is the tens digit of g?
8
Suppose 33*s - 183248 = -17489. What is the tens digit of s?
2
Suppose -8 = -5*d + 4*s, s - 3 = -0*s. Suppose -2*w - 46 = -5*f, 0 = -0*f + d*f + 2*w - 26. What is the tens digit of (4 - f) + 6 + 40?
4
Suppose 2*i = i. Suppose i = 16*s - 11*s - 3125. Suppose 0 = -18*l + 23*l - s. What is the units digit of l?
5
Let h(d) = 3*d + 5. Let q be h(2). Let v(p) = -p**2 + 11*p + 1. Let x be v(q). Let z(l) = 70*l**2 + 1. What is the units digit of z(x)?
1
Suppose -2*p = 29*y - 24*y - 29559, 4*y = 2*p - 29622. What is the units digit of p?
7
Let j(o) = -3*o - 26. Let v be j(-14). What is the tens digit of 44 - ((-12)/v + 1/(-4))?
4
Suppose -4*z + 666 = -h, 5*z - h = 2*h + 829. Suppose 2*y + z = 845. What is the units digit of y?
9
Let c be (-1 + (-5)/7)/(32/112). What is the tens digit of c + 341 + (-1 - 0) + -1?
3
Let n = -65 + 158. Let a = -36 + 35. Let b = a + n. What is the tens digit of b?
9
Suppose -r - 5*u - 3 - 3 = 0, 2*r = 4*u - 54. Let a = r - -8. What is the units digit of -1 - (31 + -3)*a/2?
1
Let u(f) = -41*f - 3. Let w(o) = -o**3 - 8*o**2 - 7*o + 8. Let v be w(-7). Suppose 20 - v = -6*s. What is the units digit of u(s)?
9
Suppose 5*n - 5*q = 515, 91 = n + 5*q + 6. Let o(c) = c**3 - 14*c**2 + 19*c + 29. Let j be o(13). Let g = j - n. What is the units digit of g?
7
Let o = 112 + 284. What is the tens digit of (141/(-12))/((-11)/o)?
2
Let o(w) = 10*w**2 - 13*w - 1. Let i be o(7). Suppose -5*r - 5*h = -790, -4*r + 243 = h - i. Suppose -c - 65 = -r. What is the tens digit of c?
9
Let n(t) = 3*t + 38. Let x be n(-7). Suppose 11*c = x*c - 4284. What is the tens digit of c?
1
Suppose -18*t = 18704 + 26044. Suppose 0*q = 3*q + 99. What is the units di